{"id":108,"date":"2023-02-08T12:47:33","date_gmt":"2023-02-08T12:47:33","guid":{"rendered":"https:\/\/easymajorcataxi.com\/taxi\/?page_id=108"},"modified":"2024-02-23T08:54:07","modified_gmt":"2024-02-23T08:54:07","slug":"tours-entdecken-sie-majorca","status":"publish","type":"page","link":"https:\/\/easymajorcataxi.com\/taxi\/de\/tours-entdecken-sie-majorca\/","title":{"rendered":"Taxi Tours &#8211; ENTDECKEN SIE MAJORCA"},"content":{"rendered":"<div class=\"wpb-content-wrapper\"><p>[vc_row bg_type=\u00bbimage\u00bb parallax_style=\u00bbvcpb-default\u00bb bg_image_new=\u00bbid^92|url^https:\/\/easymajorcataxi.com\/taxi\/wp-content\/uploads\/2023\/02\/tours-mallorca_3.jpg|caption^null|alt^null|title^tours-mallorca_3|description^null\u00bb bg_override=\u00bbfull\u00bb css=\u00bb.vc_custom_1675782408960{padding-top: 100px !important;padding-bottom: 100px !important;}\u00bb][vc_column css=\u00bb.vc_custom_1675773597443{padding-top: 100px !important;padding-bottom: 100px !important;}\u00bb][vc_column_text]<\/p>\n<h1 style=\"text-align: center; color: #ffffff;\">ENTDECKEN SIE MAJORCA<\/h1>\n<p style=\"text-align: center; color: #ff792a;\"><strong>Die besten Touren, um die magische Insel zu entdecken<\/strong><\/p>\n<p>[\/vc_column_text][\/vc_column][\/vc_row][vc_row][vc_column][vc_empty_space height=\u00bb92px\u00bb][\/vc_column][\/vc_row][vc_row][vc_column][vc_column_text]<\/p>\n<h3 style=\"text-align: center;\">PALMA DE MALLORCA<\/h3>\n<p style=\"text-align: center; color: #ff792a;\">Dauer 3 Stunden<\/p>\n<p>[\/vc_column_text][vc_row_inner][vc_column_inner width=\u00bb1\/2&#8243;][vc_single_image image=\u00bb77&#8243; img_size=\u00bblarge\u00bb alignment=\u00bbcenter\u00bb][\/vc_column_inner][vc_column_inner width=\u00bb1\/2&#8243;][vc_column_text css=\u00bb.vc_custom_1675860368497{padding-right: 10px !important;padding-left: 10px !important;}\u00bb]<span id=\"result_box\" class=\"\" lang=\"de\" tabindex=\"-1\"><strong>Palma de Mallorca<\/strong>\u00a0ist eine sch\u00f6ne Stadt und die Hauptstadt von\u00a0<strong>Mallorca<\/strong>\u00a0hat ein privilegiertes Klima das ganze Jahr \u00fcber. Bekannt f\u00fcr seine Sonne und Strand Tourismus, es hat auch eine sch\u00f6ne Altstadt. Die Kathedrale, die\u00a0<strong>Almudaina-Palast,<\/strong>\u00a0die\u00a0<strong>Lonja<\/strong>\u00a0und der\u00a0<strong>Plaza Mayor<\/strong>\u00a0sind nur einige der Ecken, wo der Reisende stehen sollte. Die Fischerboote, Pinien und Palmen rahmen die sch\u00f6nsten Denkm\u00e4ler.<\/span><\/p>\n<p>Schlie\u00dft Besuch\u00a0<strong>Bellver Schloss<\/strong>, Besuch zur Kathedrale und Stierkampfarena der alten Stadt,\u00a0<strong>Perlenfabrik<\/strong>\u00a0und Einkaufenbereich ein[\/vc_column_text][\/vc_column_inner][\/vc_row_inner][\/vc_column][\/vc_row][vc_row][vc_column][vc_empty_space height=\u00bb92px\u00bb][\/vc_column][\/vc_row][vc_row][vc_column][vc_separator color=\u00bbcustom\u00bb accent_color=\u00bb#8b8d94&#8243;][\/vc_column][\/vc_row][vc_row][vc_column][vc_empty_space height=\u00bb92px\u00bb][\/vc_column][\/vc_row][vc_row][vc_column][vc_column_text]<\/p>\n<h3 style=\"text-align: center;\">Soller-Deia-Valldemossa<\/h3>\n<p style=\"text-align: center; color: #ff792a;\">Dauer 4 Stunden<\/p>\n<p>[\/vc_column_text][vc_row_inner][vc_column_inner width=\u00bb1\/2&#8243;][vc_single_image image=\u00bb78&#8243; img_size=\u00bblarge\u00bb alignment=\u00bbcenter\u00bb][\/vc_column_inner][vc_column_inner width=\u00bb1\/2&#8243;][vc_column_text css=\u00bb.vc_custom_1675860395434{padding-right: 10px !important;padding-left: 10px !important;}\u00bb]<span id=\"result_box\" class=\"\" lang=\"de\" tabindex=\"-1\"><span class=\"\">Entdecken Sie die<\/span>\u00a0sch\u00f6nsten Ecken der\u00a0<strong>Serra de Tramuntana<\/strong>, Deia Valldemossa\u00a0<strong><span class=\"\">S\u00f3ller<\/span>\u00a0Durchreise<\/strong>\u00a0. Ein Kurs durch das Meer begrenzt Wo werden Sie\u00a0<span class=\"\">die sch\u00f6nste<strong>\u00a0Landschaft<\/strong><\/span>\u00a0durch einen spektakul\u00e4ren Blick, D\u00f6rfer von gro\u00dfer Sch\u00f6nheit und Natur\u00a0<span class=\"\">Gekennzeichnet<\/span>\u00a0sehen.\u00a0<strong>W\u00e4hlen Sie Ihren<\/strong>\u00a0eigenen Reiseplan und mehr Zeit an diesen Orten\u00a0<span class=\"\">verbringen<\/span>\u00a0Sie<\/span><\/p>\n<p>Inklusive Sicht\u00a0<span class=\"\">des Erzherzogs<\/span><span class=\"\">,\u00a0<strong>Soller,<\/strong><\/span><strong>\u00a0<span class=\"\">Puerto de Soller,<\/span>\u00a0<span class=\"\">Deia<\/span>\u00a0<span class=\"\">und<\/span>\u00a0<span class=\"\">Valldemossa<\/span><\/strong>[\/vc_column_text][\/vc_column_inner][\/vc_row_inner][\/vc_column][\/vc_row][vc_row][vc_column][vc_empty_space height=\u00bb92px\u00bb][\/vc_column][\/vc_row][vc_row][vc_column][vc_separator color=\u00bbcustom\u00bb accent_color=\u00bb#8b8d94&#8243;][\/vc_column][\/vc_row][vc_row][vc_column][vc_empty_space height=\u00bb92px\u00bb][\/vc_column][\/vc_row][vc_row][vc_column][vc_column_text]<\/p>\n<h3 style=\"text-align: center;\">H\u00f6hlen Drach o Hams<\/h3>\n<p style=\"text-align: center; color: #ff792a;\">Dauer 5 Stunden<\/p>\n<p>[\/vc_column_text][vc_row_inner][vc_column_inner width=\u00bb1\/2&#8243;][vc_single_image image=\u00bb79&#8243; img_size=\u00bblarge\u00bb alignment=\u00bbcenter\u00bb][\/vc_column_inner][vc_column_inner width=\u00bb1\/2&#8243;][vc_column_text css=\u00bb.vc_custom_1675860427206{padding-right: 10px !important;padding-left: 10px !important;}\u00bb]<span id=\"result_box\" class=\"\" lang=\"de\" tabindex=\"-1\">Ein Rundgang durch die erstaunliche unterirdische Welt der erstaunlichen\u00a0<strong>Drach-H\u00f6hlen.<\/strong>\u00a0Venture 25 Meter unter der Erdoberfl\u00e4che in den\u00a0<strong>H\u00f6hlen mit Stalagmiten<\/strong>\u00a0<span class=\"\">von der Decke h\u00e4ngen<\/span>. Die H\u00f6hlen verstecken in einem gro\u00dfen unterirdischen See,\u00a0<strong>Lago\u00a0<\/strong><span class=\"\"><strong>Martel<\/strong>,<\/span>\u00a0<span class=\"\">einer der gr\u00f6\u00dften<\/span>\u00a0Considered unterirdischen Seen der Welt, wo t\u00e4glich\u00a0<span class=\"\">Konzerte der klassischen<\/span>\u00a0<strong>Musikst\u00fccke mit Caballero, Chopin<\/strong>\u00a0\u2026 ein unvergessliches Erlebnis der\u00a0<span class=\"\">Besuch in den<\/span>\u00a0<span class=\"\">H\u00f6hlen<\/span>\u00a0zu beenden<\/span><\/p>\n<p>Inklusive Besuch im\u00a0<strong><span class=\"\">Perlenfabrik\u00a0<\/span><\/strong>,\u00a0<span class=\"\">einem Besuch in der<\/span>\u00a0H\u00f6hle,\u00a0<strong>Porto Cristo Cathedral.<\/strong>[\/vc_column_text][\/vc_column_inner][\/vc_row_inner][\/vc_column][\/vc_row][vc_row][vc_column][vc_empty_space height=\u00bb92px\u00bb][\/vc_column][\/vc_row][vc_row][vc_column][vc_separator color=\u00bbcustom\u00bb accent_color=\u00bb#8b8d94&#8243;][\/vc_column][\/vc_row][vc_row][vc_column][vc_empty_space height=\u00bb92px\u00bb][vc_column_text]<\/p>\n<h2 style=\"text-align: center; color: #ff792a;\">Touren buchen<\/h2>\n<p>[\/vc_column_text][vc_row_inner][vc_column_inner width=\u00bb1\/4&#8243;][\/vc_column_inner][vc_column_inner width=\u00bb1\/2&#8243; css=\u00bb.vc_custom_1675858626215{padding-top: 60px !important;padding-right: 60px !important;padding-bottom: 60px !important;padding-left: 60px !important;background-color: #1c2b39 !important;}\u00bb]\n<div class=\"wpcf7 no-js\" id=\"wpcf7-f105-o1\" lang=\"de-DE\" dir=\"ltr\">\n<div class=\"screen-reader-response\"><p role=\"status\" aria-live=\"polite\" aria-atomic=\"true\"><\/p> <ul><\/ul><\/div>\n<form action=\"\/taxi\/wp-json\/wp\/v2\/pages\/108#wpcf7-f105-o1\" method=\"post\" class=\"wpcf7-form init\" aria-label=\"Kontaktformular\" novalidate=\"novalidate\" data-status=\"init\">\n<div style=\"display: none;\">\n<input type=\"hidden\" name=\"_wpcf7\" value=\"105\" \/>\n<input type=\"hidden\" name=\"_wpcf7_version\" value=\"5.8.7\" \/>\n<input type=\"hidden\" name=\"_wpcf7_locale\" value=\"de_DE\" \/>\n<input type=\"hidden\" name=\"_wpcf7_unit_tag\" value=\"wpcf7-f105-o1\" \/>\n<input type=\"hidden\" name=\"_wpcf7_container_post\" value=\"0\" \/>\n<input type=\"hidden\" name=\"_wpcf7_posted_data_hash\" value=\"\" \/>\n<\/div>\n<p><label> Name<br \/>\n<span class=\"wpcf7-form-control-wrap\" data-name=\"your-name\"><input size=\"40\" class=\"wpcf7-form-control wpcf7-text wpcf7-validates-as-required\" autocomplete=\"name\" aria-required=\"true\" aria-invalid=\"false\" value=\"\" type=\"text\" name=\"your-name\" \/><\/span> <\/label>\n<\/p>\n<p><label> E-mail<br \/>\n<span class=\"wpcf7-form-control-wrap\" data-name=\"your-email\"><input size=\"40\" class=\"wpcf7-form-control wpcf7-email wpcf7-validates-as-required wpcf7-text wpcf7-validates-as-email\" autocomplete=\"email\" aria-required=\"true\" aria-invalid=\"false\" value=\"\" type=\"email\" name=\"your-email\" \/><\/span> <\/label>\n<\/p>\n<p><label> Ausfug<br \/>\n<span class=\"wpcf7-form-control-wrap\" data-name=\"excursion\"><select class=\"wpcf7-form-control wpcf7-select wpcf7-validates-as-required\" aria-required=\"true\" aria-invalid=\"false\" name=\"excursion\"><option value=\"\">&#8211; Bitte ausw\u00e4hlen &#8211;<\/option><option value=\"Palma de Mallorca\">Palma de Mallorca<\/option><option value=\"Soller-Deia-Valldemossa\">Soller-Deia-Valldemossa<\/option><option value=\"Caves Drach o Hams\">Caves Drach o Hams<\/option><option value=\"Other\">Other<\/option><\/select><\/span><\/label>\n<\/p>\n<p><label> Passagiere<br \/>\n<span class=\"wpcf7-form-control-wrap\" data-name=\"passengers\"><select class=\"wpcf7-form-control wpcf7-select wpcf7-validates-as-required\" aria-required=\"true\" aria-invalid=\"false\" name=\"passengers\"><option value=\"\">&#8211; Bitte ausw\u00e4hlen &#8211;<\/option><option value=\"1-4\">1-4<\/option><option value=\"5-8\">5-8<\/option><option value=\"9-12\">9-12<\/option><option value=\"13-16\">13-16<\/option><option value=\"17-19\">17-19<\/option><option value=\"20-24\">20-24<\/option><\/select><\/span><\/label>\n<\/p>\n<p><label> Bemerkungen<br \/>\n<span class=\"wpcf7-form-control-wrap\" data-name=\"your-message\"><textarea cols=\"40\" rows=\"10\" class=\"wpcf7-form-control wpcf7-textarea wpcf7-validates-as-required\" aria-required=\"true\" aria-invalid=\"false\" name=\"your-message\"><\/textarea><\/span> <\/label>\n<\/p>\n<p><span class=\"wpcf7-form-control-wrap\" data-name=\"acceptance-98\"><span class=\"wpcf7-form-control wpcf7-acceptance\"><span class=\"wpcf7-list-item\"><input type=\"checkbox\" name=\"acceptance-98\" value=\"1\" aria-invalid=\"false\" \/><\/span><\/span><\/span> I accept the <a href=\"https:\/\/easymajorcataxi.com\/privacy-policy-and-cookies.php\" target=\"_blank\">Privacy Policy<\/a>\n<\/p>\n<p><input class=\"wpcf7-form-control wpcf7-submit has-spinner\" type=\"submit\" value=\"Reserve\" \/>\n<\/p><div class=\"wpcf7-response-output\" aria-hidden=\"true\"><\/div>\n<\/form>\n<\/div>\n[\/vc_column_inner][vc_column_inner width=\u00bb1\/4&#8243;][\/vc_column_inner][\/vc_row_inner][\/vc_column][\/vc_row]<\/p>\n<\/div>","protected":false},"excerpt":{"rendered":"<p>[vc_row bg_type=\u00bbimage\u00bb parallax_style=\u00bbvcpb-default\u00bb bg_image_new=\u00bbid^92|url^https:\/\/easymajorcataxi.com\/taxi\/wp-content\/uploads\/2023\/02\/tours-mallorca_3.jpg|caption^null|alt^null|title^tours-mallorca_3|description^null\u00bb bg_override=\u00bbfull\u00bb css=\u00bb.vc_custom_1675782408960{padding-top: 100px !important;padding-bottom: 100px !important;}\u00bb][vc_column css=\u00bb.vc_custom_1675773597443{padding-top: 100px !important;padding-bottom: 100px !important;}\u00bb][vc_column_text] ENTDECKEN SIE MAJORCA Die besten Touren, um die magische Insel zu entdecken [\/vc_column_text][\/vc_column][\/vc_row][vc_row][vc_column][vc_empty_space height=\u00bb92px\u00bb][\/vc_column][\/vc_row][vc_row][vc_column][vc_column_text] PALMA DE MALLORCA Dauer 3 Stunden [\/vc_column_text][vc_row_inner][vc_column_inner width=\u00bb1\/2&#8243;][vc_single_image image=\u00bb77&#8243; img_size=\u00bblarge\u00bb alignment=\u00bbcenter\u00bb][\/vc_column_inner][vc_column_inner width=\u00bb1\/2&#8243;][vc_column_text css=\u00bb.vc_custom_1675860368497{padding-right: 10px !important;padding-left: 10px !important;}\u00bb]Palma de Mallorca\u00a0ist eine sch\u00f6ne Stadt und die Hauptstadt von\u00a0Mallorca\u00a0hat&hellip;<\/p>\n","protected":false},"author":1,"featured_media":0,"parent":0,"menu_order":0,"comment_status":"closed","ping_status":"closed","template":"","meta":{"footnotes":""},"class_list":["post-108","page","type-page","status-publish","hentry","description-off"],"yoast_head":"<!-- This site is optimized with the Yoast SEO plugin v22.1 - https:\/\/yoast.com\/wordpress\/plugins\/seo\/ -->\n<title>Taxi Tours - ENTDECKEN SIE MAJORCA - Easy Majorca Taxi<\/title>\n<meta name=\"description\" content=\"Die besten Touren, um die magische Insel zu entdecken -&gt; Soller-Deia-Valldemossa | H\u00f6hlen Drach o Hams | Palma de Mallorca\" \/>\n<meta name=\"robots\" content=\"index, follow, max-snippet:-1, max-image-preview:large, max-video-preview:-1\" \/>\n<link rel=\"canonical\" href=\"https:\/\/easymajorcataxi.com\/taxi\/de\/tours-entdecken-sie-majorca\/\" \/>\n<meta property=\"og:locale\" content=\"es_ES\" \/>\n<meta property=\"og:type\" content=\"article\" \/>\n<meta property=\"og:title\" content=\"Taxi Tours - ENTDECKEN SIE MAJORCA - Easy Majorca Taxi\" \/>\n<meta property=\"og:description\" content=\"Die besten Touren, um die magische Insel zu entdecken -&gt; Soller-Deia-Valldemossa | H\u00f6hlen Drach o Hams | Palma de Mallorca\" \/>\n<meta property=\"og:url\" content=\"https:\/\/easymajorcataxi.com\/taxi\/de\/tours-entdecken-sie-majorca\/\" \/>\n<meta property=\"og:site_name\" content=\"Easy Majorca Taxi\" \/>\n<meta property=\"article:modified_time\" content=\"2024-02-23T08:54:07+00:00\" \/>\n<meta name=\"twitter:card\" content=\"summary_large_image\" \/>\n<script type=\"application\/ld+json\" class=\"yoast-schema-graph\">{\"@context\":\"https:\/\/schema.org\",\"@graph\":[{\"@type\":\"WebPage\",\"@id\":\"https:\/\/easymajorcataxi.com\/taxi\/de\/tours-entdecken-sie-majorca\/\",\"url\":\"https:\/\/easymajorcataxi.com\/taxi\/de\/tours-entdecken-sie-majorca\/\",\"name\":\"Taxi Tours - ENTDECKEN SIE MAJORCA - Easy Majorca Taxi\",\"isPartOf\":{\"@id\":\"https:\/\/easymajorcataxi.com\/taxi\/#website\"},\"datePublished\":\"2023-02-08T12:47:33+00:00\",\"dateModified\":\"2024-02-23T08:54:07+00:00\",\"description\":\"Die besten Touren, um die magische Insel zu entdecken -> Soller-Deia-Valldemossa | H\u00f6hlen Drach o Hams | Palma de Mallorca\",\"breadcrumb\":{\"@id\":\"https:\/\/easymajorcataxi.com\/taxi\/de\/tours-entdecken-sie-majorca\/#breadcrumb\"},\"inLanguage\":\"es\",\"potentialAction\":[{\"@type\":\"ReadAction\",\"target\":[\"https:\/\/easymajorcataxi.com\/taxi\/de\/tours-entdecken-sie-majorca\/\"]}]},{\"@type\":\"BreadcrumbList\",\"@id\":\"https:\/\/easymajorcataxi.com\/taxi\/de\/tours-entdecken-sie-majorca\/#breadcrumb\",\"itemListElement\":[{\"@type\":\"ListItem\",\"position\":1,\"name\":\"Portada\",\"item\":\"https:\/\/easymajorcataxi.com\/taxi\/\"},{\"@type\":\"ListItem\",\"position\":2,\"name\":\"Taxi Tours &#8211; ENTDECKEN SIE MAJORCA\"}]},{\"@type\":\"WebSite\",\"@id\":\"https:\/\/easymajorcataxi.com\/taxi\/#website\",\"url\":\"https:\/\/easymajorcataxi.com\/taxi\/\",\"name\":\"Easy Majorca Taxi\",\"description\":\"Taxi Bus Transfers in Mallorca\",\"potentialAction\":[{\"@type\":\"SearchAction\",\"target\":{\"@type\":\"EntryPoint\",\"urlTemplate\":\"https:\/\/easymajorcataxi.com\/taxi\/?s={search_term_string}\"},\"query-input\":\"required name=search_term_string\"}],\"inLanguage\":\"es\"}]}<\/script>\n<!-- \/ Yoast SEO plugin. -->","yoast_head_json":{"title":"Taxi Tours - ENTDECKEN SIE MAJORCA - Easy Majorca Taxi","description":"Die besten Touren, um die magische Insel zu entdecken -> Soller-Deia-Valldemossa | H\u00f6hlen Drach o Hams | Palma de Mallorca","robots":{"index":"index","follow":"follow","max-snippet":"max-snippet:-1","max-image-preview":"max-image-preview:large","max-video-preview":"max-video-preview:-1"},"canonical":"https:\/\/easymajorcataxi.com\/taxi\/de\/tours-entdecken-sie-majorca\/","og_locale":"es_ES","og_type":"article","og_title":"Taxi Tours - ENTDECKEN SIE MAJORCA - Easy Majorca Taxi","og_description":"Die besten Touren, um die magische Insel zu entdecken -> Soller-Deia-Valldemossa | H\u00f6hlen Drach o Hams | Palma de Mallorca","og_url":"https:\/\/easymajorcataxi.com\/taxi\/de\/tours-entdecken-sie-majorca\/","og_site_name":"Easy Majorca Taxi","article_modified_time":"2024-02-23T08:54:07+00:00","twitter_card":"summary_large_image","schema":{"@context":"https:\/\/schema.org","@graph":[{"@type":"WebPage","@id":"https:\/\/easymajorcataxi.com\/taxi\/de\/tours-entdecken-sie-majorca\/","url":"https:\/\/easymajorcataxi.com\/taxi\/de\/tours-entdecken-sie-majorca\/","name":"Taxi Tours - ENTDECKEN SIE MAJORCA - Easy Majorca Taxi","isPartOf":{"@id":"https:\/\/easymajorcataxi.com\/taxi\/#website"},"datePublished":"2023-02-08T12:47:33+00:00","dateModified":"2024-02-23T08:54:07+00:00","description":"Die besten Touren, um die magische Insel zu entdecken -> Soller-Deia-Valldemossa | H\u00f6hlen Drach o Hams | Palma de Mallorca","breadcrumb":{"@id":"https:\/\/easymajorcataxi.com\/taxi\/de\/tours-entdecken-sie-majorca\/#breadcrumb"},"inLanguage":"es","potentialAction":[{"@type":"ReadAction","target":["https:\/\/easymajorcataxi.com\/taxi\/de\/tours-entdecken-sie-majorca\/"]}]},{"@type":"BreadcrumbList","@id":"https:\/\/easymajorcataxi.com\/taxi\/de\/tours-entdecken-sie-majorca\/#breadcrumb","itemListElement":[{"@type":"ListItem","position":1,"name":"Portada","item":"https:\/\/easymajorcataxi.com\/taxi\/"},{"@type":"ListItem","position":2,"name":"Taxi Tours &#8211; ENTDECKEN SIE MAJORCA"}]},{"@type":"WebSite","@id":"https:\/\/easymajorcataxi.com\/taxi\/#website","url":"https:\/\/easymajorcataxi.com\/taxi\/","name":"Easy Majorca Taxi","description":"Taxi Bus Transfers in Mallorca","potentialAction":[{"@type":"SearchAction","target":{"@type":"EntryPoint","urlTemplate":"https:\/\/easymajorcataxi.com\/taxi\/?s={search_term_string}"},"query-input":"required name=search_term_string"}],"inLanguage":"es"}]}},"_links":{"self":[{"href":"https:\/\/easymajorcataxi.com\/taxi\/wp-json\/wp\/v2\/pages\/108","targetHints":{"allow":["GET"]}}],"collection":[{"href":"https:\/\/easymajorcataxi.com\/taxi\/wp-json\/wp\/v2\/pages"}],"about":[{"href":"https:\/\/easymajorcataxi.com\/taxi\/wp-json\/wp\/v2\/types\/page"}],"author":[{"embeddable":true,"href":"https:\/\/easymajorcataxi.com\/taxi\/wp-json\/wp\/v2\/users\/1"}],"replies":[{"embeddable":true,"href":"https:\/\/easymajorcataxi.com\/taxi\/wp-json\/wp\/v2\/comments?post=108"}],"version-history":[{"count":2,"href":"https:\/\/easymajorcataxi.com\/taxi\/wp-json\/wp\/v2\/pages\/108\/revisions"}],"predecessor-version":[{"id":148,"href":"https:\/\/easymajorcataxi.com\/taxi\/wp-json\/wp\/v2\/pages\/108\/revisions\/148"}],"wp:attachment":[{"href":"https:\/\/easymajorcataxi.com\/taxi\/wp-json\/wp\/v2\/media?parent=108"}],"curies":[{"name":"wp","href":"https:\/\/api.w.org\/{rel}","templated":true}]}}